13 prime?
True
Is 1729244557 a composite number?
False
Is 3953960633 composite?
True
Is 523904057 a composite number?
False
Is 412513847 prime?
True
Is 3847049797 a prime number?
True
Is 327683627 prime?
False
Is 253369610537 a composite number?
False
Is 1195089869 a composite number?
False
Is 10069306189 prime?
False
Is 8670298327 prime?
True
Is 31633605277 a prime number?
False
Is 4593438295 prime?
False
Is 694940303 a prime number?
True
Is 7633908023 a prime number?
False
Is 11172306941 a prime number?
True
Is 948848111 a composite number?
False
Is 12157843459 a prime number?
True
Is 49986449 a prime number?
False
Is 68796797 prime?
True
Is 599307529 prime?
True
Is 523957747 a composite number?
False
Is 160584006547 a prime number?
True
Is 6516993239 composite?
False
Is 1491459649 prime?
True
Is 1088903189 prime?
False
Is 1626364601 a prime number?
True
Is 413860817 composite?
False
Is 6555961862 prime?
False
Is 591057559 prime?
False
Is 3615260057 composite?
False
Is 3102647131 a composite number?
False
Is 42870526639 composite?
False
Is 29042289671 a composite number?
True
Is 19519904623 prime?
True
Is 34027452421 a composite number?
False
Is 551426107 composite?
False
Is 637927049 prime?
False
Is 179037457 a prime number?
True
Is 5028820669 a composite number?
False
Is 1309342681 a prime number?
True
Is 76445909 a composite number?
True
Is 3392748914 a prime number?
False
Is 9974503067 a composite number?
False
Is 3086931763 a composite number?
False
Is 685120253 a composite number?
False
Is 83176501 composite?
False
Is 264791929 prime?
False
Is 626618663 a composite number?
True
Is 19189445673 a composite number?
True
Is 484634299 composite?
True
Is 351336767 a composite number?
False
Is 189657718609 prime?
True
Is 304494283 a composite number?
False
Is 44870003 a composite number?
True
Is 10531941239 a composite number?
False
Is 1608303527 a prime number?
False
Is 118619443819 a prime number?
True
Is 18110308499 a prime number?
False
Is 544963831 prime?
False
Is 3861629309 a composite number?
False
Is 22587113 a prime number?
True
Is 12592028341 a prime number?
False
Is 772943893 prime?
True
Is 8006761445 composite?
True
Is 6949685243 a composite number?
True
Is 22745029477 prime?
True
Is 34843560611 a composite number?
False
Is 4469026381 a prime number?
False
Is 4264754267 prime?
True
Is 37523568287 a composite number?
False
Is 400513801 a composite number?
False
Is 56541613483 a prime number?
False
Is 211411237 prime?
False
Is 1386847901 prime?
True
Is 4919721883 composite?
False
Is 3175908371 a composite number?
True
Is 249160715261 prime?
True
Is 4402832821 a composite number?
False
Is 79093403833 composite?
True
Is 1467129815 composite?
True
Is 27877681651 prime?
False
Is 18014219 a composite number?
False
Is 831702281 a prime number?
False
Is 28588802153 a prime number?
True
Is 4928537689 a composite number?
False
Is 2397566399 a composite number?
False
Is 1215594733 a composite number?
True
Is 274497776079 composite?
True
Is 11062811821 prime?
False
Is 621911359 a prime number?
True
Is 1225366133 prime?
True
Is 25258505431 prime?
True
Is 21599617177 composite?
False
Is 1177293977 a composite number?
False
Is 465277153 composite?
True
Is 498406585 a prime number?
False
Is 5809762043 prime?
True
Is 1033051007 a composite number?
False
Is 325509141 a composite number?
True
Is 16865311 a composite number?
False
Is 1581503107 a composite number?
False
Is 67267331041 composite?
True
Is 1484880643 prime?
True
Is 1337797337 a prime number?
False
Is 13891881337 a prime number?
False
Is 429704882 a composite number?
True
Is 659255477 a composite number?
False
Is 8219964443 a composite number?
True
Is 205625718139 prime?
True
Is 1089929149 a composite number?
False
Is 2100957503 a prime number?
False
Is 1698690815 prime?
False
Is 90052721 composite?
True
Is 2686749271 a composite number?
False
Is 1426124893 prime?
False
Is 1834004741 prime?
True
Is 258531899659 prime?
False
Is 1203520573 a composite number?
True
Is 581587901 a prime number?
False
Is 905383679 prime?
True
Is 3772872913 a composite number?
False
Is 3181980013 prime?
False
Is 121727610331 a prime number?
False
Is 7537167161 a prime number?
True
Is 17545141039 prime?
True
Is 427191517 a composite number?
False
Is 80618846641 prime?
False
Is 1998084299 composite?
False
Is 144803551 a composite number?
False
Is 10912754119 a composite number?
False
Is 4302657233 a composite number?
True
Is 381896059 prime?
True
Is 2616181409 prime?
True
Is 4445091241 a prime number?
True
Is 1023114149 a composite number?
False
Is 19392845833 composite?
False
Is 8500874687 composite?
True
Is 3245642359 a composite number?
True
Is 1642258771 prime?
False
Is 510095515 a composite number?
True
Is 172079527 prime?
False
Is 53402110859 prime?
False
Is 4279463569 composite?
False
Is 119737068589 a composite number?
False
Is 2377282198 a composite number?
True
Is 132348823 composite?
False
Is 696194783 a composite number?
False
Is 10590039169 a composite number?
True
Is 2244946903 a composite number?
True
Is 74587649 composite?
False
Is 244992239 composite?
False
Is 2519254861 composite?
True
Is 7086854843 a composite number?
False
Is 224956249 composite?
True
Is 280127527 prime?
True
Is 2752680773 prime?
True
Is 947733649 prime?
True
Is 6735423977 a prime number?
True
Is 1518836617 composite?
False
Is 1185595639 prime?
False
Is 4446051982 prime?
False
Is 47313716851 a composite number?
False
Is 10440807607 a composite number?
False
Is 1109608013 composite?
True
Is 16798426559 a composite number?
False
Is 1542165179 a composite number?
False
Is 990596297 a composite number?
True
Is 5861095249 a composite number?
True
Is 69754651 prime?
True
Is 1706958853 a composite number?
False
Is 80707631 composite?
False
Is 110708255017 a composite number?
False
Is 19628951 composite?
True
Is 25181822143 prime?
True
Is 26574333259 composite?
True
Is 46318177831 composite?
False
Is 41949881737 a prime number?
True
Is 484097539 composite?
False
Is 8749345823 prime?
False
Is 356668901 a prime number?
True
Is 7406619887 a composite number?
False
Is 8616567903 a composite number?
True
Is 283602497 composite?
False
Is 663817373 a prime number?
True
Is 511501997 prime?
True
Is 142609897 a prime number?
True
Is 1085752487 a prime number?
False
Is 37472791085 a prime number?
False
Is 110929805313 a composite number?
True
Is 164252813 prime?
True
Is 260316306347 prime?
False
Is 53475310691 composite?
True
Is 132607759 composite?
False
Is 28298755253 prime?
True
Is 269725568839 a prime number?
True
Is 547164113 a prime number?
False
Is 5261492207 a composite number?
False
Is 16781535413 prime?
False
Is 3616142741 a prime number?
True
Is 138664415543 a composite number?
False
Is 207436477 composite?
True
Is 4108194863 prime?
True
Is 3286452553 composite?
True
Is 141477257 a prime number?
True
Is 4650666227 a prime number?
True
Is 4385669177 composite?
True
Is 47209091921 a prime number?
False
Is 593006045 prime?
False
Is 13277646071 prime?
False
Is 3979969177 a composite number?
False
Is 599767187 composite?
True
Is 118593965351 prime?
True
Is 393758279 prime?
False
Is 838026853 prime?
False
Is 20737312837 a prime number?
False
Is 4145903849 a composite number?
True
Is 3227524973 composite?
True
Is 989735918 prime?
False
Is 19474363 prime?
True
Is 754757921 prime?
True
Is 58067887607 a composite number?
False
Is 81919701943 a prime number?
False
Is 1906197599 a prime number?
True
Is 15796310689 prime?
True
Is 488620229 a composite number?
True
Is 152589548233 a composite number?
False
Is 7354280489 a prime number?
True
Is 67665907 prime?
False
Is 17725407949 prime?
False
Is 1651028153 prime?
True
Is 5611665361 a composite number?
True
Is 8791185219 composite?
True
Is 7317886789 a composite number?
False
Is 2179941521 composite?
True
Is 165116879 prime?
True
Is 5070556573 composite?
True
Is 1857815209 prime?
True
Is 483651613 prime?
False
Is 149705461 composite?
False
Is 66176399 a composite number?
True
Is 209101877 a composite number?
False
Is 201499813 prime?
False
Is 12064892363 a prime number?
False
Is 7570921 a composite number?
False
Is 82429110601 a composite number?
False
Is 16324513 prime?
False
Is 93000151 compo